, what is 0 + -73564?
-73564
In base 2, what is 0 + 1000110111011?
1000110111011
In base 11, what is 393602 + -6?
3935a7
In base 5, what is -3100332 - 10?
-3100342
In base 4, what is 2012323 - 331?
2011332
In base 2, what is -101000101011 + 1000?
-101000100011
In base 9, what is -5 + 364646?
364641
In base 11, what is 4310a0 - -4?
4310a4
In base 15, what is 4c4 - 2e?
495
In base 5, what is 11 - 14341?
-14330
In base 14, what is 35d2 - -22?
3614
In base 16, what is d - -41c61?
41c6e
In base 2, what is -100000000001 - 100?
-100000000101
In base 8, what is 2173 + -56?
2115
In base 10, what is -1483 + -395?
-1878
In base 6, what is 14 + -2443?
-2425
In base 7, what is 16 - 456461?
-456442
In base 13, what is 12a - -221a?
2347
In base 2, what is -1001001 + -111101101110010?
-111101110111011
In base 11, what is 292 - -64?
346
In base 12, what is -23 + -329a?
-3301
In base 2, what is -10010011 + -10010?
-10100101
In base 5, what is 13 - -33141?
33204
In base 5, what is -114032010 + 0?
-114032010
In base 4, what is 303102 - 11202?
231300
In base 5, what is 12222434 - -2?
12222441
In base 11, what is -2a61 + -14?
-2a75
In base 15, what is 5 + -d5d?
-d58
In base 14, what is -9 - 8b5?
-8c0
In base 15, what is -565c1 + -5?
-565c6
In base 13, what is 18a818a + 4?
18a8191
In base 12, what is -481759 + 5?
-481754
In base 16, what is 5 - 35c14?
-35c0f
In base 13, what is -7a8c4 - 7?
-7a8cb
In base 12, what is -1a61b5 - -1?
-1a61b4
In base 13, what is -81 - 139?
-1ba
In base 12, what is 173b - -10?
174b
In base 13, what is -1b3889 + b?
-1b387b
In base 8, what is -1 + -474043?
-474044
In base 14, what is 3 - 123d?
-123a
In base 10, what is 1 - 186878?
-186877
In base 9, what is -166 + -1524?
-1701
In base 4, what is 0 - -101223031?
101223031
In base 2, what is -10 - -1101001111001?
1101001110111
In base 2, what is 11 - 101111011000?
-101111010101
In base 16, what is -eb9 - 6?
-ebf
In base 4, what is -232202003 + 11?
-232201332
In base 15, what is 14 - 2308d?
-23079
In base 7, what is 5 + 22213466?
22213504
In base 4, what is 1301010 + 2101?
1303111
In base 9, what is -5023444 - -5?
-5023438
In base 14, what is -d25 - a6?
-dcb
In base 7, what is 12531 + 213?
13044
In base 11, what is -849 - -3a0?
-459
In base 14, what is -6b2d6 + -4?
-6b2da
In base 5, what is 24 + -10403?
-10324
In base 14, what is -55387 + 2?
-55385
In base 7, what is -3 + -232224?
-232230
In base 8, what is -1557460 + 4?
-1557454
In base 11, what is -29a585 + 2?
-29a583
In base 10, what is 1915 - -163?
2078
In base 15, what is 70a7 - 1?
70a6
In base 10, what is -642 + 226?
-416
In base 15, what is -21 + 254?
233
In base 14, what is -18 + -41a70?
-41a88
In base 9, what is -3735 - -80?
-3645
In base 12, what is -154b - -9?
-1542
In base 15, what is 30320 + -22?
302ed
In base 10, what is -4 - -120105?
120101
In base 15, what is -30 + 28c?
25c
In base 8, what is 165 - -275?
462
In base 4, what is -2 - 23313213?
-23313221
In base 16, what is -bd794 - -2?
-bd792
In base 11, what is 4621 - -2?
4623
In base 8, what is -22526 + 63?
-22443
In base 11, what is -100 + -2593?
-2693
In base 7, what is 1025 - -1206?
2234
In base 3, what is -10212 - -2011111?
2000122
In base 13, what is 2 - -8484b?
84850
In base 5, what is -321231 - 242?
-322023
In base 7, what is -1612 - 2201?
-4113
In base 9, what is 2681 - 31?
2650
In base 6, what is -4 + 2045253?
2045245
In base 7, what is -2046 + 0?
-2046
In base 7, what is 400361 + -4?
400354
In base 15, what is -d66c8 - -5?
-d66c3
In base 8, what is -10 - 62103?
-62113
In base 16, what is -b03b - -5?
-b036
In base 5, what is -142012 + -30?
-142042
In base 8, what is 0 + -2720?
-2720
In base 8, what is -10 + 1556366?
1556356
In base 4, what is -2320012 + 112?
-2313300
In base 4, what is -123113222 - -2?
-123113220
In base 14, what is 18902 - 4?
188dc
In base 15, what is -1c8 + 23a?
62
In base 8, what is -7 - -276471?
276462
In base 13, what is 65b5 + 5?
65ba
In base 11, what is -28 + 13a3a?
13a12
In base 9, what is -60 - -2681?
2621
In base 2, what is 1001111010 - -10101?
1010001111
In base 16, what is 2 - 3e12?
-3e10
In base 13, what is 2b + -b74?
-b46
In base 16, what is -12 - -2add?
2acb
In base 6, what is -5535 - -53?
-5442
In base 14, what is -4db8 + 2d?
-4d89
In base 3, what is -2110 - 10000?
-12110
In base 2, what is 100010 + 100010001111?
100010110001
In base 6, what is 33 - -3123?
3200
In base 14, what is -3d60 + 0?
-3d60
In base 13, what is 2 + -379?
-377
In base 15, what is -92 - -9ed?
95b
In base 10, what is -124 + 4200?
4076
In base 4, what is -10 + 1113222?
1113212
In base 16, what is 5 - -1c8ee?
1c8f3
In base 7, what is -1 + -246364?
-246365
In base 14, what is 474 + -507?
-73
In base 7, what is -51 - -2421?
2340
In base 12, what is -456b + 38?
-4533
In base 2, what is -1 + -100010001100101110001?
-100010001100101110010
In base 13, what is 3b2 + 288?
66a
In base 7, what is 4 - -3515023?
3515030
In base 10, what is 911682 + -3?
911679
In base 7, what is 434124 - 1?
434123
In base 16, what is -49bfcc - 4?
-49bfd0
In base 16, what is -4 - -496a?
4966
In base 9, what is 6126 + 507?
6634
In base 9, what is -24745 - -26?
-24718
In base 4, what is -1311202 + -3?
-1311211
In base 5, what is 1 + -24000113?
-24000112
In base 7, what is -220262 - -44?
-220215
In base 3, what is -212 - -1122012?
1121100
In base 16, what is -3 - -49018?
49015
In base 16, what is 1 + 9eda6?
9eda7
In base 8, what is -5 + 1231?
1224
In base 16, what is 184503 - -4?
184507
In base 2, what is 100001011 + 111100000100?
1000000001111
In base 8, what is -11330 + 156?
-11152
In base 9, what is 0 + -10221?
-10221
In base 6, what is -1115 + 24514?
23355
In base 15, what is 5 + -cac1?
-cabb
In base 13, what is -742c1 - 4?
-742c5
In base 11, what is 10 - 28662?
-28652
In base 15, what is 2e65 + 6?
2e6b
In base 3, what is -10011102 + 2122?
-10001210
In base 11, what is 2a - 2a?
0
In base 3, what is -100 + 211112020101?
211112020001
In base 3, what is -20 - 10220?
-11010
In base 5, what is -2321330 - -112?
-2321213
In base 2, what is 11000011110001 + 101?
11000011110110
In base 2, what is -100 - -1001101100111100001?
1001101100111011101
In base 9, what is 2 - 42636?
-42634
In base 7, what is -1414453 - 1?
-1414454
In base 6, what is 1541513 + -4?
1541505
In base 9, what is -4 - 10832?
-10836
In base 9, what is -103 + 301?
187
In base 11, what is -11264 + 0?
-11264
In base 3, what is -21122110220 - -10?
-21122110210
In base 2, what is -110011100111101100 + 10011?
-110011100111011001
In base 15, what is 2be93 - 0?
2be93
In base 9, what is 0 - 512436?
-512436
In base 10, what is 3 - -45800?
45803
In base 14, what is 9951 + c?
995d
In base 11, what is -437 + 63?
-384
In base 7, what is 2 - -543303?
543305
In base 8, what is 1523 - -6?
1531
In base 9, what is 1 - 71420?
-71418
In base 10, what is 8 - -5056?
5064
In base 8, what is -2 + -3060666?
-3060670
In base 11, what is 2 - -960?
962
In base 13, what is 8 + 37330?
37338
In base 11, what is -6 - 1101?
-1107
In base 2, what is 10010011 - -100000010?
110010101
In base 6, what is -13300142 + 1?
-13300141
In base 4, what is 11 + 30213131?
30213202
In base 15, what is -5 - -dae3?
dadd
In base 8, what is -23 - -571266?
571243
In base 5, what is -1134334 - -233?
-1134101
In base 6, what is 135 - -34?
213
In base 16, what is -11195 - 0?
-11195
In base 13, what is -2 + 6a33?
6a31
In base 5, what is 1310232 + 1?
1310233
In base 7, what is 0 + -5026?
-5026
In base 6, what is -1033 + -2501?
-3534
In base 2, what is 1000100111 - 1001111?
111011000
In base 3, what is 2010020201 - -12?
2010020220
In base 2, what is 10110111 + -100000010110?
-11101011111
In base 3, what is 11001210021 - -1?
11001210022
In base 12, what is -1007 - 21?
-1028
In base 14, what is 1c + 205b?
2079
In base 6, what is -4 + -4550312?
-4550320
In base 15, what is 0 - 3c9?
-3c9
In base 10, what is -4596 - -6?
-4590
In base 16, what is 5f031 + 4?
5f035
In base 7, what is -450536 - -2?
-450534
In base 10, what is -8053 + -134?
-8187
In base 10, what is -49 + -8293?
-8342
In base 5, what is 2 + 1011200?
1011202
In base 6, what is 230 + -54403?
-54133
In base 5, what is 0 + 14211014?
14211014
In base 5, what is -22 + -141?
-213
In base 12, what is 20586b - 5?
205866
In base 13, what is 67 - -1